{"id":2,"date":"2013-11-06T11:55:36","date_gmt":"2013-11-06T11:55:36","guid":{"rendered":"https:\/\/grupopueblodedios.org\/liturgiasemanal\/?page_id=2"},"modified":"2024-03-19T00:36:13","modified_gmt":"2024-03-19T00:36:13","slug":"pagina-ejemplo","status":"publish","type":"page","link":"https:\/\/grupopueblodedios.org\/liturgiasemanal\/","title":{"rendered":"Bienvenidos"},"content":{"rendered":"\n<figure class=\"wp-block-image size-large is-resized\"><a href=\"https:\/\/grupopueblodedios.org\/liturgiasemanal\/wp-content\/uploads\/2024\/02\/Logo-GPD-NEGRO-fondo-transparente.png\"><img loading=\"lazy\" decoding=\"async\" width=\"1024\" height=\"734\" src=\"https:\/\/grupopueblodedios.org\/liturgiasemanal\/wp-content\/uploads\/2024\/02\/Logo-GPD-NEGRO-fondo-transparente-1024x734.png\" alt=\"\" class=\"wp-image-137\" style=\"width:407px;height:auto\" srcset=\"https:\/\/grupopueblodedios.org\/liturgiasemanal\/wp-content\/uploads\/2024\/02\/Logo-GPD-NEGRO-fondo-transparente-1024x734.png 1024w, https:\/\/grupopueblodedios.org\/liturgiasemanal\/wp-content\/uploads\/2024\/02\/Logo-GPD-NEGRO-fondo-transparente-300x215.png 300w, https:\/\/grupopueblodedios.org\/liturgiasemanal\/wp-content\/uploads\/2024\/02\/Logo-GPD-NEGRO-fondo-transparente-768x551.png 768w, https:\/\/grupopueblodedios.org\/liturgiasemanal\/wp-content\/uploads\/2024\/02\/Logo-GPD-NEGRO-fondo-transparente-1536x1101.png 1536w, https:\/\/grupopueblodedios.org\/liturgiasemanal\/wp-content\/uploads\/2024\/02\/Logo-GPD-NEGRO-fondo-transparente-377x270.png 377w, https:\/\/grupopueblodedios.org\/liturgiasemanal\/wp-content\/uploads\/2024\/02\/Logo-GPD-NEGRO-fondo-transparente.png 1880w\" sizes=\"auto, (max-width: 1024px) 100vw, 1024px\" \/><\/a><\/figure>\n\n\n\n<p>En este subsitio de Grupo Pueblo de Dios encontrar\u00e1n <strong>material para la Liturgia Semanal<\/strong>.<\/p>\n\n\n\n<p>Hemos dividido el material en <strong>categor\u00edas <\/strong>para que puedan encontrarse con facilidad.<\/p>\n\n\n\n<p>Las secciones son las siguientes, cada una con su link:<\/p>\n\n\n<ul class=\"wp-block-categories-list wp-block-categories\">\t<li class=\"cat-item cat-item-23\"><a href=\"https:\/\/grupopueblodedios.org\/liturgiasemanal\/category\/beato-eduardo-pironio\/\">Beato Eduardo Pironio<\/a>\n<\/li>\n\t<li class=\"cat-item cat-item-10\"><a href=\"https:\/\/grupopueblodedios.org\/liturgiasemanal\/category\/canto-y-musica\/\">Canto y M\u00fasica<\/a>\n<\/li>\n\t<li class=\"cat-item cat-item-25\"><a href=\"https:\/\/grupopueblodedios.org\/liturgiasemanal\/category\/documentos-y-mensajes\/\">Documentos y Mensajes<\/a>\n<\/li>\n\t<li class=\"cat-item cat-item-12\"><a href=\"https:\/\/grupopueblodedios.org\/liturgiasemanal\/category\/guiones\/\">Gu\u00eda de Misa<\/a>\n<\/li>\n\t<li class=\"cat-item cat-item-44\"><a href=\"https:\/\/grupopueblodedios.org\/liturgiasemanal\/category\/julian-zini\/\">Juli\u00e1n Zini<\/a>\n<\/li>\n\t<li class=\"cat-item cat-item-2\"><a href=\"https:\/\/grupopueblodedios.org\/liturgiasemanal\/category\/liturgia-dominical\/\">Liturgia Dominical<\/a>\n<\/li>\n\t<li class=\"cat-item cat-item-22\"><a href=\"https:\/\/grupopueblodedios.org\/liturgiasemanal\/category\/catena\/\">Padre Osvaldo Catena<\/a>\n<\/li>\n\t<li class=\"cat-item cat-item-15\"><a href=\"https:\/\/grupopueblodedios.org\/liturgiasemanal\/category\/piedad-popular-y-liturgia\/\">Piedad Popular y Liturgia<\/a>\n<\/li>\n\t<li class=\"cat-item cat-item-24\"><a href=\"https:\/\/grupopueblodedios.org\/liturgiasemanal\/category\/rumia-max-alexander\/\">Rumia (+Max Alexander)<\/a>\n<\/li>\n\t<li class=\"cat-item cat-item-13\"><a href=\"https:\/\/grupopueblodedios.org\/liturgiasemanal\/category\/salmo-dominical\/\">Salmo Dominical<\/a>\n<\/li>\n\t<li class=\"cat-item cat-item-1\"><a href=\"https:\/\/grupopueblodedios.org\/liturgiasemanal\/category\/sin-categoria\/\">Sin categor\u00eda<\/a>\n<\/li>\n<\/ul>\n\n\n<p>En cada secci\u00f3n encontrar\u00e1n diferentes entradas (propuestas) y para ver su contenido tienen que pulsar en \u00ab<strong>LEER M\u00c1S<\/strong>\u00ab.<\/p>\n","protected":false},"excerpt":{"rendered":"<p>En este subsitio de Grupo Pueblo de Dios encontrar\u00e1n material para la Liturgia Semanal. Hemos dividido el material en categor\u00edas para que puedan encontrarse con facilidad. Las secciones son las siguientes, cada una con su link: En cada secci\u00f3n encontrar\u00e1n diferentes entradas (propuestas) y para ver su contenido tienen que pulsar en \u00abLEER M\u00c1S\u00ab.<\/p>\n","protected":false},"author":2,"featured_media":0,"parent":0,"menu_order":0,"comment_status":"open","ping_status":"open","template":"","meta":{"footnotes":""},"class_list":["post-2","page","type-page","status-publish","hentry"],"_links":{"self":[{"href":"https:\/\/grupopueblodedios.org\/liturgiasemanal\/wp-json\/wp\/v2\/pages\/2","targetHints":{"allow":["GET"]}}],"collection":[{"href":"https:\/\/grupopueblodedios.org\/liturgiasemanal\/wp-json\/wp\/v2\/pages"}],"about":[{"href":"https:\/\/grupopueblodedios.org\/liturgiasemanal\/wp-json\/wp\/v2\/types\/page"}],"author":[{"embeddable":true,"href":"https:\/\/grupopueblodedios.org\/liturgiasemanal\/wp-json\/wp\/v2\/users\/2"}],"replies":[{"embeddable":true,"href":"https:\/\/grupopueblodedios.org\/liturgiasemanal\/wp-json\/wp\/v2\/comments?post=2"}],"version-history":[{"count":11,"href":"https:\/\/grupopueblodedios.org\/liturgiasemanal\/wp-json\/wp\/v2\/pages\/2\/revisions"}],"predecessor-version":[{"id":559,"href":"https:\/\/grupopueblodedios.org\/liturgiasemanal\/wp-json\/wp\/v2\/pages\/2\/revisions\/559"}],"wp:attachment":[{"href":"https:\/\/grupopueblodedios.org\/liturgiasemanal\/wp-json\/wp\/v2\/media?parent=2"}],"curies":[{"name":"wp","href":"https:\/\/api.w.org\/{rel}","templated":true}]}}